) = -x - 9 - 7*x - x**3 + 7*x - 7*x**2 + 0*x. What is n(l)?
-2
Let l(t) be the second derivative of 1/2*t**2 + 0*t**3 + 0 - 13*t + 1/20*t**5 - 1/12*t**4. What is l(-1)?
-1
Let v be 4/(-4 - (-20)/6). Let y(c) = -2*c + 4. Calculate y(v).
16
Let w = -19 + 6. Let p be 2/(-4)*(-1 - w). Let l be (p/(-9))/((-4)/(-12)). Let h(d) = -3*d**2 + 2*d + 2. Determine h(l).
-6
Suppose 1142*x = 1156*x + 14. Let b(y) = -41*y - 2. Determine b(x).
39
Let a(z) = z**2 - 10*z - 12. Let m be -1 + (-1)/(-4) + 141/12. Calculate a(m).
-1
Suppose 0 = -4*m, 0 = -n - 2*n + 2*m + 15. Let d(q) = 10 - 4 - n - 5*q**2 - q**3 + 5*q. Give d(-6).
7
Suppose -4*s - 10*s = -672. Suppose 2*f + 6*f = s. Let j(w) = w**3 - 6*w**2 + w + 4. Give j(f).
10
Let p(q) = -3*q + q**2 - 4*q - 28940 + 3*q + 28939. Give p(4).
-1
Let l(i) = 9*i + 9. Let t(f) = -5*f - 4. Let z(j) = 4*l(j) + 7*t(j). Let p be (2/2*248/(-2))/(-2). Let c = -70 + p. What is z(c)?
0
Let z(p) = 2*p**2. Let j be z(-1). Let t = -4 - -3. Let a(f) = -f + 6. Let w(y) = 1. Let d(k) = t*a(k) + 6*w(k). What is d(j)?
2
Let i(c) be the second derivative of -c**5/20 - 2*c**4/3 + c**3/6 + 11*c**2/2 + c. Suppose -1582*u + 96 = -1594*u. What is i(u)?
3
Let h(p) = 5*p**2 + 8*p**2 + 8*p - 12*p**2 + 9. Determine h(-7).
2
Let b(f) be the second derivative of -f**4/12 - 7*f**3/6 - 7*f**2/2 - f. Let q(j) = j**2 - 4*j - 52. Let l be q(9). Give b(l).
-7
Let c = -1792 - -1802. Let x(q) = -q**2 + 10*q + 5. Calculate x(c).
5
Let p(u) = -u**3 + 5*u**2 - 6*u - 6. Let s be p(5). Let z be ((-2)/(-6))/((-38)/s + -1). Let c(a) = a**2 - 7*a - 2. Give c(z).
-8
Let m(g) = -2*g + 11. Let o be m(6). Suppose -2*x - x + 5 = -2*l, -4*l + 3*x = 1. Let r(t) = -2 - t + 3*t**l + 1 + 0*t**2 + t**2. Give r(o).
4
Suppose q + 12 = -2*g + 3*q, -4*g - 2*q - 12 = 0. Let a(r) be the second derivative of -r**3/2 - 2*r**2 + 4*r. Calculate a(g).
8
Let t(a) = -a**2 + 3*a - 4. Let z(f) be the first derivative of 1/2*f**2 - 4 - 3*f. Let i be z(7). Give t(i).
-8
Let f = 326 + -322. Let n(m) = -m**2 + 2*m - 1. Calculate n(f).
-9
Let x be (75/20)/(12/16). Suppose -q - 4 = -x*q. Let z(s) = -2*s**2 - 1. Determine z(q).
-3
Let d(m) be the third derivative of m**4/12 + 19*m**3/6 + 57*m**2 - 2. Determine d(-10).
-1
Suppose x = 0, 0 = -3*r - 3*x - 3 - 15. Let k(b) = -2*b**2 - 8*b + 2*b**2 - 7 - b**2 - 2. Determine k(r).
3
Let n(b) be the third derivative of -b**4/3 - b**3/3 + 2*b**2 - 11. Determine n(-5).
38
Let c(w) = w**3 - 4*w**2 - w + 3. Let f(x) = 3*x**3 - 12*x**2 - 4*x + 10. Let u(p) = -7*c(p) + 2*f(p). What is u(4)?
-5
Let b(g) = -g**2 - 4*g + 3. Suppose -4*i + d = -35, 0 = -3*i + 5*i - 5*d - 13. Let x be (6/i)/((-3)/(-9)). Suppose -x*k - k - 9 = 0. Calculate b(k).
6
Let b(s) be the third derivative of s**5/60 - 2*s**3/3 + 54*s**2. Determine b(5).
21
Let y(m) = 4*m**2 - 66*m - 201. Let v be y(19). Let b(o) = -o**2 - 10*o + 1. Determine b(v).
-10
Suppose -20 = -0*g - 5*g, 0 = -2*m + 2*g + 34. Suppose -u - 4*z + z + m = 0, 4*u + z = 29. Suppose -2*q - u = -0*q. Let y(l) = l**2 + 2*l + 3. Give y(q).
6
Suppose 4*y = 4*m, -3*m - 3*y + 7*y - 2 = 0. Let q(w) = 3 - 2*w + w + m + 6*w. Give q(-4).
-15
Let c(u) = 5*u - 76*u**3 + 5 + 8*u**2 + 77*u**3 - 3*u + 5*u. Determine c(-7).
5
Suppose 30 = -5*i + 50. Let l(q) = -q**3 - q**2 + q. Let d(f) = 4*f**3 + 8*f**2 - f + 5. Let r(v) = d(v) + 5*l(v). Give r(i).
5
Let l(m) = -2 + 3*m**2 - 8*m**2 - 43029*m + 43027*m. Calculate l(-1).
-5
Let a be (2*3/(-4))/((-4)/(-8)). Let w be (-270)/36*4/a. Let o(n) = -n + 1. Determine o(w).
-9
Let u(m) be the first derivative of -m**3/3 + 7*m**2/2 + 6*m - 134. Determine u(7).
6
Let i(x) = x - 6. Suppose -3*y = -5*u - 18 - 10, 20 = -4*u. Let b be (((-4)/2)/(3/9))/y. Give i(b).
-12
Let i(n) = n**2 - 5*n - 6. Let s be 0*2/(-8) + 6. Let w be i(s). Let f(x) = x**2 + 3. Calculate f(w).
3
Let t(w) = w**3 + 10*w**2 - 11*w + 7. Let a be t(-11). Let y(m) = 15 + 0*m + m - a - 23. What is y(0)?
-15
Let q(y) be the second derivative of y**4/12 + 4*y**3/3 - 5*y**2/2 + 93*y. Calculate q(-7).
-12
Let b(p) be the third derivative of p**4/24 - 3*p**3 + 3*p**2 - 16. Calculate b(15).
-3
Let p(a) = -9 + 3*a + 5 + 5 - a**2 + 3*a. What is p(7)?
-6
Let q(n) = -n + 12. Let j be q(11). Let r(h) = -15*h + 21. Let m(t) = 4*t - 5. Let i(d) = 21*m(d) + 5*r(d). Calculate i(j).
9
Let i be 9/27 - 1/3. Suppose i = 4*c + c - 10. Let f(x) = -c - 8 + 11 + x. Determine f(-6).
-5
Let i(c) = c - 1. Suppose 6*u + 72 = 18*u. Give i(u).
5
Let z(s) = s**2 - 1. Let l be (-1 - (3 + -7)) + 51 + 2. Let n = -51 + l. Calculate z(n).
24
Let q(p) = -p**2 - 5*p - 5. Suppose 90 = -4*d + 5*l, -d - 28 = -0*d - 4*l. Let m = d - -27. Suppose -49 = m*s - 14. Give q(s).
-5
Let d(i) = -2*i**2 + 20*i - 18. Let b be d(9). Let f(v) = v**2 + v + 24. Determine f(b).
24
Let n(p) = -180*p + 5 + 166*p**2 + 179*p - 167*p**2. What is n(0)?
5
Let t(q) = -q**3 - 11*q**2 - 8*q + 11. Suppose 5*a + 43 + 7 = 0. What is t(a)?
-9
Let u(i) = -3*i**2 + 2*i - 10. Let f(y) = 7*y**2 - 4*y + 21. Let g(h) = -4*f(h) - 9*u(h). Let x = -1375 - -1370. Determine g(x).
-9
Let t(n) = n**2 + 16*n - 25. Let f(k) = 2*k**2 + 1. Let c(y) = -f(y) + t(y). Calculate c(14).
2
Let t be ((-15)/(-21))/((-3)/(-168)*8). Let y(i) = i**2 - 2*i + 5. Determine y(t).
20
Let u(s) = -8*s + 11*s - 1 - 3*s + s. What is u(-6)?
-7
Let u(q) = -3*q**2 - 1 + 21*q**2 + 32*q**2. Determine u(-1).
49
Let u(w) = -2*w - 3. Let g be (2 - 62)/10 - -12. Calculate u(g).
-15
Let y(w) = w. Let x be y(2). Let k(d) be the second derivative of 1/6*d**4 - 1/20*d**5 + 0 + 1/6*d**3 - d**2 + 13*d. Calculate k(x).
0
Let f(q) be the third derivative of q**6/120 + q**5/15 - q**3/3 + 7*q**2. Give f(-3).
7
Suppose 1 = 4*m - 7. Let c(d) = -2 - 1 + 2 - 4*d - d**m. Suppose -12 = -2*k - 4*u, 2*u = -4*k - 0*u. Determine c(k).
3
Let g(b) = -6*b**3 - 2*b - 6. Let k(i) = i**3 + i**2 + 1. Let t = -32 - -33. Let w(z) = t*g(z) + 4*k(z). Let r = -2 + 4. What is w(r)?
-6
Suppose 0 = -68*l + 21 + 387. Let s(v) be the third derivative of 1/12*v**5 + v**2 - 1/6*v**4 + 1/120*v**l + 0 + 0*v + 5/6*v**3. What is s(-6)?
-7
Let c(m) be the first derivative of -1/3*m**3 - 1/2*m**2 + 2*m - 8. Give c(-3).
-4
Let q(s) be the second derivative of s**5/20 + s**4/6 + 2*s**2 + 3*s + 8. Determine q(-3).
-5
Suppose -2*u - 3*u = 2*x + 5, -5*u - 25 = -2*x. Let r(d) = -2*d**2 + x*d**2 - 2*d - 14*d**2 + 1 + 6*d**2. Determine r(1).
-6
Let c(b) = -11*b - 4. Let n(s) = 38*s + 11. Let k(w) = 8*c(w) + 3*n(w). Calculate k(1).
27
Let l(d) = -76*d - 5. Let b(f) = -42*f - 3. Let t(n) = 11*b(n) - 6*l(n). What is t(2)?
-15
Let k(y) = 2*y + 16. Let g be k(-6). Let d(j) be the second derivative of 7*j + 7/6*j**3 - 5/12*j**g - 1/20*j**5 - j**2 + 0. What is d(-6)?
-8
Let t(i) = 4 + i**2 + 9 + 13 - 14*i - 26. What is t(13)?
-13
Let p(z) be the first derivative of -z**4/4 + 2*z**3/3 - z**2 - 2*z - 897. Suppose 0 = -4*l + 7 + 1. Suppose 2 = 5*j + 4*d, j = d - l*d. Determine p(j).
-6
Let m(z) = -z**3 - 22*z**2 + z + 38. Let i be m(-22). Let h(k) = k - 13. What is h(i)?
3
Let g(r) be the second derivative of r**5/4 + r**4/6 - r**2/2 + 12*r. Let z be g(1). Let i(s) = s**3 - 7*s**2 + 5*s + 5. Calculate i(z).
-1
Let n(g) = 0*g**3 + 0*g**3 - 3*g - g**3 + 2 + 2*g**2. Let h be n(2). Let p(w) be the first derivative of w**3/3 + 3*w**2 - 5*w + 3. Give p(h).
-13
Let h(d) = 11*d - 58 + 98 - 45 - 2*d**2. What is h(7)?
-26
Let o(n) = 9*n**2 - 10*n**2 + 20*n - 11*n + 3 - 16 - 7. Give o(7).
-6
Let h(c) = c**3 - 4*c**2 - 2*c - 6. Let l(u) = u**2 + 3*u - 14. Let p be l(6). Suppose p = -2*t + 10*t. Calculate h(t).
9
Let i(c) = -2*c**2 - 14*c - 3. Let g(p) = p**2 + 4*p + 2. Let a(m) = -m**2 - 5*m - 2. Let o(s) = -3*a(s) - 2*g(s). Let n(q) = -4*i(q) - 9*o(q). Calculate n(-5).
4
Let s(a) = 2*a + 1. Let c be s(4). Let i(f) be the first derivative of -27 - f**3 + f + 12 + f**2 + c. Give i(-1).
-4
Let l(p) = 7*p + 17. Let m(i) = -11*i - 26. Let n be (10 - (4 + -1) - 3)*-2. Let k(c) = n*l(c) - 5*m(c). Calculate k(-7).
1
Suppose 4*i = -b - 24, -2 = -i + 3*b + 5. Let v(g) = -g - 10. Determine v(i).
-5
Let h(g) = g + 10. Let r be (-20)/15 - 14 - 2/(-6). Calculate h(r).
-5
Suppose -2 = -2*s + 3*v - v, -5*s + 13 = 3*v. Let q(f) = s*f + f + f + 13 - 3*f. Give q(-9).
4
Let r(y) = y**2 - 4*y - 7. Let s(j) = -13*j + j**2 - 278 + j**2 + 277. 